4902?
False
Is 30 a factor of 323034?
False
Is 248 a factor of 579406?
False
Is 3821699 a multiple of 7?
True
Is 15 a factor of 356610?
True
Is 28866 a multiple of 102?
True
Does 99 divide 6082468?
False
Is 106196 a multiple of 139?
True
Is 224257 a multiple of 81?
False
Is 36731 a multiple of 57?
False
Does 324 divide 2461104?
True
Is 306255 a multiple of 17?
True
Is 10109230 a multiple of 274?
True
Is 134 a factor of 8978?
True
Is 53312 a multiple of 112?
True
Does 21 divide 6670331?
False
Does 49 divide 14729770?
False
Is 4 a factor of 591712?
True
Is 29 a factor of 139490?
True
Does 292 divide 124421?
False
Does 42 divide 1246946?
False
Does 89 divide 7960249?
True
Does 255 divide 16493?
False
Is 8578750 a multiple of 25?
True
Is 237 a factor of 14726232?
True
Is 539 a factor of 118458?
False
Does 28 divide 51744?
True
Is 27 a factor of 69312?
False
Is 5 a factor of 64065?
True
Is 43 a factor of 107192?
False
Does 32 divide 191814?
False
Does 10 divide 263934?
False
Is 483984 a multiple of 37?
False
Is 11739 a multiple of 129?
True
Is 246465 a multiple of 48?
False
Is 221275 a multiple of 581?
False
Is 260 a factor of 1521471?
False
Is 6 a factor of 34504?
False
Is 243296 a multiple of 16?
True
Does 59 divide 303496?
True
Is 3368925 a multiple of 10?
False
Does 52 divide 2688904?
False
Is 31 a factor of 944194?
False
Is 1836 a multiple of 4?
True
Is 43 a factor of 424023?
True
Is 86 a factor of 775032?
True
Does 119 divide 136483?
False
Is 1620 a multiple of 3?
True
Does 28 divide 1372980?
True
Is 43 a factor of 3503717?
False
Is 15 a factor of 141657?
False
Is 57508 a multiple of 44?
True
Does 8 divide 4306085?
False
Is 697532 a multiple of 764?
True
Does 32 divide 325205?
False
Is 466 a factor of 2906908?
True
Is 1675942 a multiple of 40?
False
Is 4 a factor of 5916?
True
Is 24 a factor of 721195?
False
Is 525 a factor of 988050?
True
Is 421 a factor of 17010926?
True
Is 6 a factor of 1226983?
False
Does 13 divide 3161795?
True
Is 105273 a multiple of 77?
False
Does 3 divide 182287?
False
Is 2 a factor of 878498?
True
Does 4 divide 720456?
True
Does 2294 divide 10747922?
False
Is 4620750 a multiple of 106?
False
Does 7 divide 8722?
True
Is 44 a factor of 854822?
False
Is 26 a factor of 1575200?
False
Is 60 a factor of 5729364?
False
Does 5 divide 6220?
True
Is 77240 a multiple of 20?
True
Is 90 a factor of 337567?
False
Is 267980 a multiple of 16?
False
Is 6187504 a multiple of 8?
True
Does 7 divide 104538?
True
Does 319 divide 1996940?
True
Is 9 a factor of 559790?
False
Is 33 a factor of 428307?
True
Does 13 divide 2853277?
False
Is 54 a factor of 1055931?
False
Is 12 a factor of 3494073?
False
Is 800155 a multiple of 96?
False
Is 337 a factor of 1955979?
False
Is 82 a factor of 120216?
False
Is 78532 a multiple of 26?
False
Is 129697 a multiple of 18?
False
Is 18 a factor of 305040?
False
Is 1389346 a multiple of 49?
True
Is 1158999 a multiple of 47?
False
Is 262782 a multiple of 10?
False
Is 3208 a multiple of 11?
False
Is 326 a factor of 2031485?
False
Is 40 a factor of 2243240?
True
Is 38 a factor of 94445?
False
Does 15 divide 1273258?
False
Is 94142 even?
True
Does 4 divide 729652?
True
Is 136344 a multiple of 24?
True
Is 6887013 a multiple of 1018?
False
Is 10 a factor of 9920?
True
Is 9372055 a multiple of 91?
False
Does 17 divide 180829?
True
Is 2 a factor of 1030014?
True
Is 663 a factor of 493469?
False
Is 69 a factor of 212934?
True
Is 3 a factor of 3383170?
False
Does 166 divide 12648661?
False
Is 22 a factor of 18010?
False
Is 1459508 a multiple of 48?
False
Is 415 a factor of 2561667?
False
Is 6521136 a multiple of 206?
True
Is 9 a factor of 1126055?
False
Does 49 divide 1158517?
False
Is 916125 a multiple of 354?
False
Is 60 a factor of 2512680?
True
Is 24 a factor of 201312?
True
Does 9 divide 86868?
True
Does 9 divide 3748379?
False
Is 258521 a multiple of 61?
False
Is 9785290 a multiple of 827?
False
Does 4 divide 1661096?
True
Is 1201816 a multiple of 22?
True
Is 93 a factor of 2840964?
True
Is 4416468 a multiple of 148?
True
Is 595491 a multiple of 9?
False
Is 12 a factor of 5603815?
False
Does 30 divide 7303829?
False
Does 12 divide 6198?
False
Is 24 a factor of 235752?
True
Is 1265 a factor of 1342230?
False
Is 624186 a multiple of 27?
True
Does 11 divide 4765420?
True
Is 725340 a multiple of 22?
True
Is 3 a factor of 105364?
False
Is 15 a factor of 1718960?
False
Does 31 divide 67378?
False
Is 6 a factor of 6827255?
False
Is 228406 a multiple of 3?
False
Does 15 divide 336805?
False
Is 1138 a factor of 5385016?
True
Does 585 divide 826605?
True
Is 115120 a multiple of 2?
True
Does 148 divide 776409?
False
Does 128 divide 19532837?
False
Is 710 a factor of 271220?
True
Is 321 a factor of 7455546?
True
Is 2068 a multiple of 4?
True
Is 1023738 a multiple of 6?
True
Is 9877714 a multiple of 16?
False
Is 79 a factor of 2154725?
True
Does 1153 divide 3974868?
False
Is 37 a factor of 730010?
True
Is 204 a factor of 3096312?
True
Is 2143446 a multiple of 736?
False
Is 258 a factor of 295316?
False
Does 109 divide 313729?
False
Is 47 a factor of 53968?
False
Is 27 a factor of 3073693?
False
Does 68 divide 3114264?
True
Is 2341327 a multiple of 78?
False
Is 425300 a multiple of 20?
True
Is 27 a factor of 3349917?
True
Is 86 a factor of 140008?
True
Is 144654 a multiple of 250?
False
Is 3 a factor of 15570?
True
Does 5 divide 153558?
False
Does 81 divide 237087?
True
Is 37084 a multiple of 508?
True
Does 257 divide 44975?
True
Does 56 divide 1885968?
True
Is 274960 a multiple of 70?
True
Does 13 divide 358943?
True
Does 18 divide 145800?
True
Is 46479 a multiple of 74?
False
Does 44 divide 1017398?
False
Does 50 divide 529700?
True
Is 1054166 a multiple of 99?
False
Is 4698215 a multiple of 5?
True
Is 143183 a multiple of 48?
False
Is 11 a factor of 62953?
True
Is 47 a factor of 8175368?
True
Does 9 divide 2637315?
True
Does 32 divide 16384?
True
Is 116 a factor of 321320?
True
Is 6 a factor of 205092?
True
Does 18 divide 246240?
True
Is 172 a factor of 677336?
True
Does 19 divide 2504717?
False
Is 9377001 a multiple of 9?
True
Does 578 divide 705073?
False
Is 1228344 a multiple of 118?
False
Does 26 divide 327184?
True
Does 9 divide 3121947?
True
Is 20 a factor of 3160?
True
Does 206 divide 14697238?
False
Is 9 a factor of 643063?
False
Does 3 divide 23106?
True
Is 49 a factor of 655816?
True
Is 53 a factor of 793145?
True
Does 29 divide 64467?
True
Does 9 divide 23909904?
True
Is 568215 a multiple of 23?
True
Does 58 divide 32113?
False
Does 43 divide 375945?
False
Is 462 a factor of 3221021?
False
Is 256795 a multiple of 29?
True
Is 21 a factor of 80997?
True
Is 450259 a multiple of 72?
False
Does 20 divide 184620?
True
Is 1280496 a multiple of 145?
False
Does 510 divide 1846212?
False
Is 61 a factor of 1240664?
False
Is 138 a factor of 259578?
True
Does 14 divide 187594?
False
Is 56 a factor of 2209144?
True
Does 1075 divide 6579000?
True
Is 841562 a multiple of 102?
False
Is 875499 a multiple of 48?
False
Does 256 divide 10804777?
False
Is 11 a factor of 8504?
False
Is 90 a factor of 12749?
False
Does 574 divide 451344?
False
Is 28 a factor of 2653479?
False
Is 420328 a multiple of 131?
False
Does 1958 divide 1008951?
False
Is 17 a factor of 90610?
True
Does 239 divide 420162?
True
Is 4476679 a multiple of 30?
False
Is 2917411 a multiple of 49?
True
Is 2164617 a multiple of 117?
True
Is 952 a factor of 1896981?
False
Does 3 divide 13848?
True
Is 46 a factor of 265236?
True
Is 164 a factor of 531196?
True
Is 27268 a multiple of 5?
False
Is 70 a factor of 638521?
False
Does 21 divide 74737?
False
Is 1669158 a multiple of 18?
True
Is 29 a factor of 413442?
False
Does 16 divide 1629661?
False
Does 17 divide 748289?
True
Is 89 a factor of 12104?
True
Is 3933261 a multiple of 309?
True
Is 4 a factor of 783256?
True
Is 185356 a multiple of 276?
False
Is 3 a factor of 10525?
False
Is 1248847 a multiple of 3?
False
Does 45 divide 94860?
True
Is 765331 a multiple of 7?
True
Is 388266 a multiple of 397?
True
Is 454097 a multiple of 13?
False
Does 14 divide 255853?
False
Is 10 a factor of 127440?
True
Is 17 a factor of 32708?
True
Does 117 divide 9989343?
True
Does 19 divide 5222259?
False
Is 82 a factor of 916262?
False
Doe